common factor of p and 30.
15
Let l(c) = c**3 + 2*c**2 - 4*c + 2. Let m = 4 + -2. Let b be l(m). Calculate the greatest common factor of 110 and b.
10
Let s = -109 + 118. Let k(q) = 9*q. Let f be k(2). Suppose -3*z + 0*z = u - s, -z = 2*u - f. Calculate the highest common factor of u and 63.
9
Let q = 83 + -59. What is the greatest common divisor of 96 and q?
24
Let c be 180/9*5/4. Calculate the greatest common divisor of c and 20.
5
Let o = 290 + -170. Calculate the highest common divisor of 24 and o.
24
Let k(l) = 2*l**2 - 49*l - 11. Let d be k(25). Calculate the highest common factor of 4 and d.
2
Let u(s) = 21*s + 7. Let x be u(6). Suppose -2*j + 3*v = j - 111, 5*v = -j + 37. Let t = j - 18. What is the highest common factor of t and x?
19
Suppose -4*t = -2*t - 18. Let a = -17 + 35. Let l = 45 - a. What is the greatest common divisor of t and l?
9
Let s be (-620)/14 - (-6)/21. Suppose -w - 2*w - 2*g = 38, w + 18 = -2*g. Let h = w - s. Calculate the greatest common divisor of 85 and h.
17
Let j(d) = -12*d - 3. Let q be j(-4). Calculate the highest common factor of q and 30.
15
Let d = -3 + 8. Let c(h) = -d*h**2 - 3 + 5*h - 4*h**3 + 3*h**3 + 2. Let r be c(-6). Calculate the greatest common divisor of 40 and r.
5
Let r(c) = c**3 + 14*c**2 - 22*c - 9. Let l be r(-15). What is the highest common divisor of 32 and l?
32
Let c = 17 - 7. Calculate the highest common divisor of c and 30.
10
Let i be 1*(-2 + -20 - 0). Let a = 36 + i. Suppose a = 2*z - 58. Calculate the highest common divisor of 54 and z.
18
Let j be (-12)/16 + 37/(-4). Let i = 23 + j. Let g = 62 - -16. What is the greatest common factor of g and i?
13
Suppose 4*a - 3*p - 19 = 0, 4*a - 5 = 3*a + p. Let q be 10/6*(14 + (11 - 19)). Calculate the greatest common factor of a and q.
2
Let z be 5*2/(-6)*-3. Suppose 8*o + 118 = 398. What is the highest common divisor of o and z?
5
Let r be (-287)/(-28) + 1/(-4). Let j be (-2 - 0) + 1 + -6. Let y = j + r. What is the highest common factor of 21 and y?
3
Let u be 16 - 2/6*3. Let l = 15 + u. What is the highest common divisor of 10 and l?
10
Let y be (-4)/6*(-1 - 2). Suppose 4*i = 5*a - 188, 4 + y = 2*i. What is the highest common divisor of 20 and a?
20
Suppose 0 = o + 5*o - 42. Calculate the highest common factor of o and 42.
7
Suppose 4*p - p - 36 = 0. What is the highest common factor of p and 60?
12
Let d = 193 - 18. Suppose 0 = 4*g - 16, 0 = 5*a - 3*g + g - 117. What is the greatest common divisor of d and a?
25
Let y be ((-5)/1)/((-2)/12). What is the greatest common factor of y and 75?
15
Suppose -4*u - 3*m = 11, u + 19 = -2*m - 2*m. Calculate the greatest common divisor of u and 4.
1
Let u be (-3)/1 - (2 - 324). What is the greatest common factor of u and 29?
29
Let q be 14*((-15)/(-6) - 2). Let o be -3 + 3 + -3 + q. What is the greatest common factor of o and 6?
2
Let a be (-6)/(-2 + -1) - -1. Suppose -a*i = -2*i - 54. What is the greatest common factor of 6 and i?
6
Let i(j) = -j + 4. Let t be i(0). Let g be 42/t + (-1)/2. What is the highest common factor of g and 110?
10
Let w(o) = o - 3. Let c be w(6). Let j(v) = 2*v**2 + 7*v + 4. Let i be j(-4). Suppose 0 = i*r - 6*r - 6. What is the highest common divisor of r and c?
3
Suppose 0 = -5*n - 0*n + 35. Let l = 201 - 324. Let r = -60 - l. Calculate the greatest common divisor of r and n.
7
Suppose 0*b - 5*b = 0. Let s(p) = -p**2 + 9. Let q be s(b). What is the highest common factor of 3 and q?
3
Let l be -4*(-1)/(2/2). Suppose l*x + 4*w = 4, 5*x = x + 3*w + 11. Suppose -2 = -p + 4*i - 3, -x*i + 38 = 2*p. What is the highest common divisor of p and 45?
15
Let k(o) = -o**3 + 16*o**2 - 12*o - 6. Let a be k(15). Calculate the highest common divisor of 26 and a.
13
Let q be -2 - (1 + -3) - 0. Suppose 2*p = -q*p - 16. Let u = p + 21. Calculate the greatest common factor of u and 78.
13
Let v = -2 + 2. Suppose v = -u + 5*u - 92. Calculate the greatest common divisor of 161 and u.
23
Let s = 31 - 18. What is the highest common divisor of s and 143?
13
Suppose 3*v = 3*p - 93, 0 = -5*p - 6*v + 3*v + 147. Calculate the greatest common factor of p and 6.
6
Suppose 3*x = 12 + 3. Suppose x = -3*n + 29. Calculate the highest common factor of n and 8.
8
Suppose -9*u = -14*u + 90. Calculate the highest common divisor of 2 and u.
2
Let f = 557 + -387. What is the highest common factor of 10 and f?
10
Let s be (-6)/(-2)*(-32)/(-6). Let r be 3 + 2 - (10 + -181). Calculate the greatest common divisor of r and s.
16
Let h(n) = -n**3 - 5*n**2 + 5*n + 6. Let b be h(-7). Let f(l) = l**2 - 4*l + 2. Let s be f(7). Calculate the greatest common divisor of s and b.
23
Suppose -3*k - 10 + 43 = 0. Let i = -6 + k. Suppose -3*b + 13 = -i. What is the highest common divisor of 4 and b?
2
Let d(v) = -v**3 - 6*v**2 + 23*v - 21. Let g be d(-9). Let i(m) = m**2 - 1. Let b = -2 + 6. Let z be i(b). What is the greatest common factor of z and g?
15
Let b be (14 - 8)*2/3. What is the highest common factor of b and 28?
4
Suppose -18 = -3*h + 4*g, 3*g + 2*g = 3*h - 21. Suppose -r + h = -54. Suppose -6*q = -2*q - r. Calculate the highest common factor of 70 and q.
14
Let y(n) = -3*n**3 + n**2 + 2*n + 1. Let x be y(-1). Suppose -x*l + 2*l + 40 = 0. Let o be (-32)/(-6) - 3/9. What is the greatest common factor of o and l?
5
Let n be (1/(-2))/(1/(-32)). Calculate the greatest common factor of 8 and n.
8
Suppose y + 6 = -3. Let l = y - -15. Calculate the greatest common factor of 3 and l.
3
Let p = 6 + -7. Let h(w) = 4*w**2 - w - 1. Let k be h(p). Suppose 5*d = o + 44 - 6, k*d = 3*o + 26. Calculate the highest common factor of 56 and d.
8
Let f be ((-12)/16)/((-3)/96). Suppose 0 = 2*v + l, -2*v + 5*l + f = -0*l. Calculate the highest common divisor of v and 1.
1
Suppose 2*r + 4*z = 5*r + 22, 2*r - 2*z = -16. Let j = r + 6. Let y be (2 + 2/j)*14. What is the greatest common divisor of 84 and y?
21
Suppose -3*i + 7 = -2*i - b, 3*i + 3*b = 39. Calculate the greatest common divisor of 25 and i.
5
Let n be (-6)/(-27) - 14/(-18). Suppose 2*w - 3 = n. Suppose w*l - 55 - 17 = 0. Calculate the highest common factor of 18 and l.
18
Let s be (-3)/(-9) + 15*(-26)/(-18). Suppose 3*i + 3*t = 609, -199 = -i + 4*t - 21. Calculate the greatest common divisor of s and i.
22
Let l = -14 - -10. Let m = 0 - l. Suppose m*c + c = 50. Calculate the highest common factor of c and 2.
2
Let t = -6 + 21. Suppose 4*n + 8 = 0, 2*y - 2*n = -3*y + 679. Calculate the greatest common divisor of y and t.
15
Suppose -2*l = 3*l - 15. Let k = 11 + l. Calculate the greatest common divisor of k and 112.
14
Let n = 73 + -71. What is the greatest common factor of n and 18?
2
Let t(k) = 30*k + 1. Let f be t(1). What is the highest common divisor of 186 and f?
31
Let m be ((3 + -2)*-3)/(-1). Let l(s) = 3*s**2 + 4*s. Let i be l(-3). Calculate the highest common divisor of m and i.
3
Suppose -22*x = -2*k - 20*x - 6, -13 = -5*k - 2*x. What is the highest common factor of 15 and k?
1
Let c = 8 + -6. Suppose c = 2*j - 28. What is the highest common factor of 45 and j?
15
Let d(x) = 3*x - 8. Let z be d(6). Let b(i) = -i**3 + 8*i**2 - 7*i. Let a be b(6). What is the greatest common divisor of z and a?
10
Suppose -9 = 5*k - 59. Suppose -3*c - 45 = -12*c. Calculate the highest common factor of c and k.
5
Let d = -17 - -7. Suppose 0 = -0*x - 3*x + 2*r - 73, -3*r = 4*x + 86. Let l = d - x. What is the greatest common divisor of l and 39?
13
Suppose 2*t + 0*t = -32. Let q be (-6)/(-18) - t/6. Let u(f) = -f**3 - 3*f**2 - 3*f + 5. Let m be u(-4). What is the highest common factor of m and q?
3
Suppose -15*h + 265 + 2255 = 0. What is the greatest common factor of 28 and h?
28
Let k be (-32)/12*(-54)/8. Suppose i = -y + k, i + y = -i + 34. Calculate the greatest common divisor of i and 8.
8
Let r = -8 - -10. Let y be 61 - (r/1 - 1). Calculate the greatest common factor of 24 and y.
12
Suppose -3*y = -0*y - 63. Let d = 35 - y. What is the greatest common divisor of d and 70?
14
Let o(x) = 11*x**2 - 16 + 4*x**3 - 3*x**3 - 16*x + 0*x**3. Let k be o(-12). Suppose 0*p = -2*p + k. What is the greatest common factor of p and 40?
8
Suppose -4*t + 24 = -2*t - 4*d, 4*t + 2*d - 78 = 0. What is the greatest common factor of 198 and t?
18
Suppose -3*f = -69 - 315. Let n(v) be the first derivative o